-27)).
3
Let z(y) = 126*y - 78. What are the prime factors of z(20)?
2, 3, 11, 37
Let d(j) be the third derivative of -j**7/840 + j**6/240 - j**5/30 - 5*j**2. Let a(y) be the third derivative of d(y). What are the prime factors of a(-2)?
3, 5
Suppose -2*n + 6*n - 75 = -p, -2*p - n + 115 = 0. Let x = -48 + p. List the prime factors of x.
7
Let m = 5 + -3. Suppose 3*w - 82 = m*w. List the prime factors of w*3/(-1 + 7).
41
Let x(c) = 143*c**2 - 1. List the prime factors of x(-2).
571
Let z(g) = g - 23. Let i be z(9). Let c(x) = x**3 + 15*x**2 - 9*x - 2. Let w be c(i). Suppose -4*q = -9*q + w. What are the prime factors of q?
2
Let t(f) = -f**3 + 20*f**2 - f + 19. Let y be t(20). List the prime factors of (-4)/(0 + -4) - 142*y.
11, 13
Let w = -22 - 35. Let p = -85 - w. List the prime factors of (p/(-42))/(2/123).
41
Suppose -3*b - o + 0*o = -7, 0 = -3*b - 4*o - 8. Let z = 4 - b. Suppose 0 = -h - z*h + 12. What are the prime factors of h?
2, 3
Let z(t) = -t. Let w(h) = -7*h + 4. Let j(u) = -w(u) + 6*z(u). What are the prime factors of j(7)?
3
Let x(p) = p**2 + p + 1. Let f be x(-2). Suppose 5*t = -5, -t + 159 = -f*y + 436. List the prime factors of y.
2, 23
Let p(w) = -79*w. Let u be p(-5). Suppose -5*t - 5*z + u = 0, -25 = -3*z - 2*z. What are the prime factors of t?
2, 37
Let o(t) = 23*t**2 - 28*t - 27. Let p(g) = -8*g**2 + 9*g + 9. Let f(r) = 6*o(r) + 17*p(r). List the prime factors of f(12).
3, 11
Let w be ((-8)/(-4))/((-560)/(-276) + -2). Suppose -r + w + 34 = 0. List the prime factors of r.
103
Suppose 7953 = 5*z - 402. List the prime factors of z.
3, 557
Let z(s) = s**2 - 5*s - 14. Let x be z(7). Suppose -k - 5*r + 50 = x, 5*r = 5*k - 557 + 157. Suppose -7*j + 10*j - k = 0. List the prime factors of j.
5
What are the prime factors of (-2 - 595/21)/((-4)/288)?
2, 3, 7, 13
Let t be (22/(-3))/((-14)/6 - -2). List the prime factors of t/33*(101 + 1).
2, 17
Let u = -15 + 18. Suppose u*i - 9 = 45. What are the prime factors of 27/i*(-80)/(-3)?
2, 5
Let t(q) = 4*q**3 - 11*q**2 - 14*q - 28. What are the prime factors of t(8)?
2, 7, 43
Let b(f) = 7*f**2 + 6*f - 6. List the prime factors of b(7).
379
List the prime factors of 7 - (-11)/((-22)/(-126)).
2, 5, 7
Suppose 0 = -13*m + 7963 - 553. List the prime factors of m.
2, 3, 5, 19
Suppose -535 = -21*f + 16*f. Suppose 0*z - z = -3*t - f, -4*t - 452 = -4*z. List the prime factors of z.
2, 29
Let n(k) = -41*k - 153. What are the prime factors of n(-13)?
2, 5, 19
Let m be (-18)/4*(-24)/36. Let v be (0 - (m + -6)) + 3. Suppose 2*d + i - v - 28 = 0, -2*i + 84 = 5*d. What are the prime factors of d?
2
Let k be (-1)/(35/(-15) + 2). Let h(m) = 4*m**3 + m**2 - 2*m - 4. List the prime factors of h(k).
107
Let w be 10*(4/(-5))/1. Let f = 11 + w. Suppose -3*b - 1 = -v + f, v - 34 = -3*b. What are the prime factors of v?
19
Let w = 1382 - 580. List the prime factors of w.
2, 401
Let d(n) = 3*n**3 + 3*n**2 - n. Let o be d(2). Suppose -u - j - 6 = -o, -u + 3*j = -16. List the prime factors of u.
5
Suppose -20 = a + 3*a, 5*k = -a + 5. List the prime factors of (1 + -2)*k - 9*-14.
2, 31
Let v = 4555 - 1232. What are the prime factors of v?
3323
Let l(f) = -f**2 + 10*f - 23. Let c be l(4). List the prime factors of 30 + 27 - (1*-2)/c.
59
Let d = 61 - 58. Let b = -5 - -8. Suppose -d*m = a + 6, m + 2 + 10 = b*a. List the prime factors of a.
3
Let h be (-2)/3 - 142/(-6). Let a = h + 11. Let l = 54 - a. List the prime factors of l.
2, 5
Suppose -1 = 2*y + 7. Let z(q) = q - 2. Let n be z(y). Let l(f) = -f**3 - 6*f**2 - 4*f + 3. What are the prime factors of l(n)?
3
Let k = 641 + -86. Let v = k - 343. List the prime factors of v.
2, 53
Let y(p) be the first derivative of p**3 + 9*p**2/2 + 15*p + 2. Let r(a) be the first derivative of y(a). What are the prime factors of r(6)?
3, 5
Let j = 87 + -91. Let g = 146 + j. List the prime factors of g.
2, 71
Let o(y) be the third derivative of 0 + 7/60*y**5 - 1/8*y**4 + 0*y**3 - 6*y**2 + 0*y. List the prime factors of o(2).
2, 11
Let f be 48 - (-42)/(2 - 9). Let a = 151 - 61. Let s = a - f. List the prime factors of s.
2, 3
Suppose 565 = d - f - f, 4*d = 3*f + 2245. What are the prime factors of d?
13, 43
What are the prime factors of (165 - 1)*(-15 + 7 + 9)?
2, 41
Suppose -2*r = 3*r. Let o(g) = 2 - g + 2*g + 1 + r. What are the prime factors of o(8)?
11
Suppose 185*y + 25 = 180*y. Let n = 84 + y. List the prime factors of n.
79
Suppose 4*z = -5*w + 5919, 3953 = 5*z + 3*w - 3462. What are the prime factors of z?
2, 743
Let o(r) = r**3 - 9*r + 1. Let w(f) = -2*f**3 + f**2 + 10*f. Let x(a) = -4*o(a) - 3*w(a). What are the prime factors of x(4)?
2, 5
Let c(y) = 21*y - 11. Let h be c(-4). Let d = 404 + h. List the prime factors of d.
3, 103
Let y(v) = v**2 + 5*v - 12. Let q be y(-6). Let z(t) = 2*t**2 + 3*t + 5. What are the prime factors of z(q)?
59
Let x = 2 + 2. Suppose x*o + f = -0*f + 885, 0 = -5*o - f + 1105. What are the prime factors of o?
2, 5, 11
Let r = -8 + 12. List the prime factors of r/(-6) + 185/3.
61
Let z = 640 + -369. List the prime factors of z.
271
Suppose 510 = y + 83*j - 88*j, j - 5 = 0. List the prime factors of y.
5, 107
Let p(k) = 3*k - 1. Let s be p(1). Suppose -14 = -5*g - s*d + 7, -3*d = 4*g - 21. What are the prime factors of 18 - (3 - 0 - g)?
2, 3
Let q be 102/9*6/4. Let i be q*(-2)/(-4)*-2. Let h = i - -29. List the prime factors of h.
2, 3
Let i = -332 - -402. List the prime factors of i.
2, 5, 7
Let h(n) = n**3 + n**2 - 8*n + 6. List the prime factors of h(4).
2, 3
Let i = -266 - -2015. What are the prime factors of i?
3, 11, 53
Let x = 1480 + -162. List the prime factors of x.
2, 659
Let o = -21 - -23. Suppose o*w - 749 = -293. Suppose g + 11 = 2*u + 58, -w = -5*g + 3*u. List the prime factors of g.
3, 5
Let m(w) = w**2 - 4*w - 1. Let z be m(8). Suppose 26*c = z*c - 20. List the prime factors of 2 + c/(8/50).
3
Let o(f) = f**3 - 11*f**2 + f - 9. Let v be o(10). Let j = v - -200. List the prime factors of j.
101
Let w be (-2)/(-1)*22/(-4). Let h(g) = g**2 + 10*g - 10. Let b be h(w). Suppose 38 = m - i + 6*i, -2*m + 5*i = -b. List the prime factors of m.
13
Let s(h) = -61*h**3 + 3*h**2 - 3*h - 11. What are the prime factors of s(-2)?
3, 5, 11
Let r be 3 + (-2)/(-1) + -2. Suppose 147 - 42 = r*v. List the prime factors of v.
5, 7
Let a(h) = h - 1. Let k be a(1). Let l(s) = s**3 - 9*s**2 + 12*s - 7. Let m be l(8). What are the prime factors of m - (2 - (-1 - k))?
2, 11
Let t(u) be the second derivative of -u**5/24 - u**4/2 + 7*u**3/6 - 11*u. Let o(v) be the second derivative of t(v). What are the prime factors of o(-9)?
3, 11
Suppose 5*t - 10*t = -2*g + 2605, -5*t = -25. List the prime factors of g.
5, 263
Let z be (-56)/(-16)*(-60)/21. What are the prime factors of ((-5)/z)/(-3 - 3261/(-1086))?
181
Let g = -178 + 95. Let i = g + -24. Let a = 165 + i. What are the prime factors of a?
2, 29
Suppose -4*r - 3 = -3. Let l(b) = b**2 + 5*b + 2. Let t be l(-5). Suppose r*j = -t*j + 22. List the prime factors of j.
11
List the prime factors of (-189495)/30*(-2)/3.
4211
Suppose -x + 5*m = -509, x - 5*m = -3*m + 521. What are the prime factors of x?
23
Suppose -h + 234 = 44. Let g be -1*-1*(h + -2). Suppose -g = -4*r - 72. What are the prime factors of r?
29
Let r(p) = 136*p**2 - 13*p + 9. List the prime factors of r(-2).
3, 193
Let o(s) be the third derivative of s**6/120 + s**5/60 - s**4/12 - 10*s**3/3 + 4*s**2. Let r be o(0). What are the prime factors of (-485)/r + (-1)/4?
2, 3
Let b = -834 + 1214. List the prime factors of b.
2, 5, 19
Suppose 5*k - 15 = 0, b - 3*b = 4*k - 14. Let x be 48/6 + -1 + b. Let d = -5 + x. List the prime factors of d.
3
Suppose -4*v + 3*v = 4*x + 17, 6 = 2*v - 2*x. List the prime factors of v + -2 + 10 + (4 - 2).
3
Suppose a - 51 = q, -3*a + 4*q = -a - 94. Suppose 0 = t + 4*o - a, 4*t - 2*o = o + 201. List the prime factors of t.
3, 17
Let l(p) = 7*p - 14. Suppose 7*o = 4*o + 12. List the prime factors of l(o).
2, 7
Suppose -4*y + 5*y - 3*k = 10, 0 = 3*y - 5*k - 14. Let w be (-15 - -13)/(y/39). Suppose -w = -2*s + 39. What are the prime factors of s?
3, 13
Suppose -63*y + 65*y - 1234 = 0. List the prime factors of y.
617
Suppose 2*n = 5*x - 21, 4*n - 2*x = -4*x + 18. What are the prime factors of (-2)/4 - 5*(-29)/n?
2, 3
Let i = -4602